*t**2. Give m(-5).
-1
Suppose 4*p = 13 - 1. Let o be -1 - (p + 0 + 0). Let b(r) = 1 - 6 - 4*r + 2. Determine b(o).
13
Let q(t) = t**2 + 4*t - 6. Let b = -17 + 12. Let g be q(b). Let a(o) = 15*o**3 + o**2 + o. What is a(g)?
-15
Let z(j) = -j**3 - 5*j**2 - 7. Suppose -2*y = 3*g + 25, 4*g - y = 7*g + 20. Give z(g).
-7
Let u(o) = -6*o**2 - 5*o - 1. Let c(i) = 7*i**2 + 6*i + 2. Let f(p) = 5*c(p) + 6*u(p). Suppose -3*w - 16 - 2 = 3*q, 3*w + q = -12. What is f(w)?
-5
Let s(m) be the second derivative of 0 - 5*m + 0*m**2 + 1/3*m**4 - 1/6*m**3. Give s(-1).
5
Let f(i) = -2*i + 3*i - 6*i**2 + 0*i. Suppose -5*v = -4*g + 2*g + 3, 2*v = 5*g - 18. Let s be 1/(g + 0 + -3). Give f(s).
-5
Let q(x) = -x**2 + 1. Let o(c) = 3*c - 4. Let b be o(3). Let w = b - 8. Calculate q(w).
-8
Let u(h) = 2*h + 2. Suppose -8 = -k - l - 1, 3*k - 5*l - 29 = 0. Determine u(k).
18
Let o = -10 + 10. Let l(q) be the first derivative of -1/2*q**2 - 8*q + 1 + 1/3*q**3. What is l(o)?
-8
Let o(k) = 4*k**3 - 2*k + 1. Let b be o(1). Let d = b - -2. Suppose -7*p + 3*v = -2*p - 7, 0 = d*p + 3*v - 13. Let y(i) = -i**2. Give y(p).
-4
Let i = 7 + -5. Suppose -4 = i*l + 2*l. Let g(a) = 6*a + 2*a + 1 - 4*a. Give g(l).
-3
Let a = 13 + -12. Let q(b) = -8*b**3 - 5*b**2 - 3. Let t(x) = x**2 + 1. Let y(k) = a*q(k) + 4*t(k). Determine y(1).
-8
Let s(c) = -c**3 - 11*c**2 + 11*c - 12. Let f be s(-12). Let p(x) = x - 10. What is p(f)?
-10
Let m(u) = u**3 - 10*u**2 - 11*u - 5. Let g be m(11). Let w be 3*g/(45/(-6)). Let q(v) = -5 - v + 1 - w*v. Give q(-4).
8
Let m(d) = d**2 + 6*d + 5. Let g = 9 - 4. Suppose -2*j = 4*y + 12, 2*j + 2 + 1 = g*y. Give m(j).
-3
Let c(b) = 2 + 9*b - b - 4*b. Calculate c(-2).
-6
Let d(l) be the third derivative of l**7/1260 + l**6/720 + 7*l**5/60 - 5*l**2. Let y(z) be the third derivative of d(z). Give y(-2).
-7
Let w(l) = -2*l**3 - 6*l**2 - 2*l + 2. Let b(y) = y**3 + 5*y**2 + y - 2. Let d(j) = -3*b(j) - 2*w(j). Calculate d(2).
0
Let h(a) be the second derivative of 0 - 2*a + 1/6*a**3 - 9/2*a**2 - 1/12*a**4. Determine h(0).
-9
Let i(x) = -x**2 - 5*x - 1. Let v be i(-4). Let t(r) be the second derivative of -r**3/3 - 3*r**2/2 - 2*r. Give t(v).
-9
Let g(n) be the second derivative of -n**5/20 - n**4/4 + n**3/3 + n**2/2 + n. Suppose -14 = -x - 7. Let r be (-1 - -2)*(4 - x). Give g(r).
-5
Let y(w) = -3*w**2 + 7*w - 7. Let i(a) = 8*a**2 - 21*a + 21. Let v(o) = 4*i(o) + 11*y(o). Determine v(-7).
7
Suppose 0 = -2*x - 3 - 1. Let z be (-2)/(-2 - -2 - -1). Let k = x + z. Let v(a) = -a - 4. What is v(k)?
0
Let h(n) be the first derivative of -n**4/4 + n - 4. Let r(v) = -4*v**3 + 5*v**2 + 6*v + 10. Let g(t) = 5*h(t) - r(t). Calculate g(-4).
3
Let a(t) = t**3 + 3*t**2 + t + 1. Suppose 2*y - 24 = -5*r, 3*y + 2*r = r + 10. Suppose 4*d + 5*u = 17, y = d - 0*d - u. Suppose 0 = k + d. What is a(k)?
-2
Let s(a) = 7*a + a - 6*a. What is s(-3)?
-6
Let j(u) = u**3 - u**2 - 2. Suppose y - 33 = -3*y - 5*l, 4*l - 18 = y. What is j(y)?
2
Let p(w) = -2*w**3 - w**2 + 7*w + 9. Let a(o) = -o**3 - o**2 + 3*o + 4. Let h(s) = -7*a(s) + 3*p(s). Calculate h(-2).
7
Let t(b) = 12*b**2 - 1. Suppose -5 - 3 = 3*h + f, 27 = -2*h - 5*f. What is t(h)?
11
Let q(x) = -2. Let t(u) = 3*u + 7. Let o(s) = q(s) + t(s). What is o(-6)?
-13
Let a(s) = s**3 - s**2 - 2*s + 1. Let v be (-2 - (2 + -4))/2. Suppose -m - 2*u + 8 = v, m - 2*u + 17 = u. Give a(m).
-7
Let x be ((-12)/(1 + 1))/(-2). Let m(o) = -o**2 - o**x + 1 - o**2 + 2*o**3. Suppose 5*s = 3*a + 19, 4*a - 2 = 2*s - 4. Determine m(a).
1
Let i(m) = m**2 + 2*m + 4. Suppose r = 5*y - 2*r - 54, -4*r = -5*y + 52. Suppose y = -3*w - 0*w. What is i(w)?
12
Let w(f) = 6 + f + 4*f - 2*f. Let s(p) = 20*p - 5. Let g(a) = 4*a - 1. Let c(b) = 11*g(b) - 2*s(b). Let t be c(-1). Give w(t).
-9
Let m(x) = -x**2 - 13*x + 3. Let c be 89/(-7) - (-8)/(-28). Let k be m(c). Let s(v) = 0 + 5 - 2*v - 1. Determine s(k).
-2
Let n be -1 + -1 - 1/1. Let y(t) = t - 2. Let f be y(n). Let m(u) = u - 10. Let p(g) = g - 9. Let q(o) = -4*m(o) + 5*p(o). What is q(f)?
-10
Suppose 0 = 2*v - 2*h - 2*h + 10, 3*h - 9 = 3*v. Let f(x) = 2*x. Determine f(v).
-2
Suppose 6 = 4*c - 2. Let l(o) = -4*o - o**2 + o**3 - 3*o - 2*o + 7*o. Give l(c).
0
Suppose -t + 31 = 32. Let n(q) = -10*q**2 + q. Determine n(t).
-11
Let q be (-17)/(-3) + 2/6. Let g = q + -2. Let b(o) = 3*o + 6. Let n(p) = -p. Let f(j) = g*n(j) + b(j). What is f(5)?
1
Let r(z) be the second derivative of 1/360*z**6 - 1/3*z**3 + 0 + 0*z**2 + 0*z**4 + 0*z**5 - 3*z. Let l(g) be the second derivative of r(g). What is l(-2)?
4
Let u = -1 - -1. Let v(n) = -n + 9. Calculate v(u).
9
Let i(h) = h - 2. Let o = -7 + 10. Suppose o*x - 9 = 6*x. What is i(x)?
-5
Suppose -2*p = -4*p + 10. Suppose -3*a + 9 = 3*u, -u - 3*a + 11 = 4*u. Let j(d) = 2 + 3 + u - 3*d. What is j(p)?
-9
Let o(f) be the third derivative of f**6/120 - f**5/60 - f**3/2 + f**2. Give o(0).
-3
Let f(v) be the first derivative of 2 + v - v**2 + 5/3*v**3. What is f(1)?
4
Let u = 4 - 5. Let f = u - -3. Let b(k) = -3*k + 0*k - 2*k + 4*k + f. What is b(-4)?
6
Let u(z) = -5*z + 1. Let g(s) = 11*s - 3. Let p(v) = -2*g(v) - 5*u(v). Let k(i) = -i - 1. Let o(t) = -4*k(t) - p(t). What is o(4)?
7
Let w(o) = 8*o - o - 13*o**2 + 6*o**2 + 8*o**2. Calculate w(-6).
-6
Let n(m) be the first derivative of m**3/3 - 3*m**2/2 - 3*m + 15. What is n(3)?
-3
Let r(a) = -a - 6. Let k = 16 - 27. What is r(k)?
5
Let k(c) = -5*c**2 - 2*c - 1. Let n be (-4 + 0 + 3)*0. Suppose p + 1 + 0 = n. Determine k(p).
-4
Suppose 4*c - 2*v = -0*c - 10, -4*c = -3*v + 13. Let l(t) be the third derivative of t**6/120 - t**3/6 - 3*t**2. Calculate l(c).
-2
Let w = 29 - 24. Let y(q) = q + 1. Let d(n) = -5*n - 3. Let o(h) = -d(h) - 4*y(h). Determine o(w).
4
Let l(x) be the first derivative of -4*x**2 - 2*x - 54. What is l(2)?
-18
Let t be 3*(3 + 1 + -3). Let v be -5*(-2 - -4 - t). Suppose -v*s = 5*b + 5, -4 = 5*b + 3*s + 3. Let u(q) = -2*q**3 - 4*q**2 - 4*q - 2. Determine u(b).
6
Let a(z) = -17*z. Let h = 66 + -65. Calculate a(h).
-17
Let o(k) = 4*k + 10. Let b(v) = v + 3. Let t(f) = 7*b(f) - 2*o(f). What is t(1)?
0
Let i(l) = 5*l + 0*l - l - 5 - 5*l. What is i(-4)?
-1
Let j be (-1)/2 - (-132)/24. Let b(z) = z**2 - 7*z + 6. What is b(j)?
-4
Let a(y) be the second derivative of -1/12*y**4 + y - 1/3*y**3 - 2*y**2 + 0. Let u = 5 - 8. What is a(u)?
-7
Suppose 3*l + 4*w + 16 = 0, 5*w + 8 = -2*l + 3*w. Let d(r) = -r**2 - r + 1. Give d(l).
1
Let v(g) = -5*g**2 + 3*g + 10. Let p(j) = j**2 + j. Let f(z) = -2*z**2 - 9*z - 9. Let l(y) = -f(y) - 6*p(y). Let x(k) = 6*l(k) - 5*v(k). What is x(-3)?
4
Let u(l) = 2*l - 5. Suppose -g = 4*y + 4, 4 = -2*y - 2*y - 4*g. Suppose 0 = -8*m + 9*m + 2. Let i(z) = z + 1. Let b(h) = m*i(h) + y*u(h). Determine b(2).
-5
Let j(c) = -c + 7*c - 7*c - c**3. Calculate j(0).
0
Let a(g) = -g**2 - 5*g + 8. Let r be a(-6). Suppose -6*l = -2*l + 5*m + 5, -2*l - m + 5 = 0. Let u(k) = -2*k + 3 - l*k**2 + k**3 + 5*k**r. What is u(2)?
7
Let k(h) = -2*h + 3. Let p(i) = -4*i + 6. Let m(j) = -5*k(j) + 2*p(j). Give m(-5).
-13
Let t(y) = y**3 + y**2 - y + 5. Suppose 20*g = 21*g. Give t(g).
5
Let z(d) = d**2 - d - 1. Let u be 1*((7 - 4) + 0). What is z(u)?
5
Let b = -13 - -21. Let a(p) = 7*p + 8 - b*p + 0. Calculate a(5).
3
Suppose 6 = -4*s + 22. Let a(h) = s + 1 - h - h. Let u(b) = -b**2 + 6*b - 3. Let t be u(4). Determine a(t).
-5
Suppose -2*b + 8 = -5*m, b = -2*b + 3*m + 12. Let o(c) = 4*c + 4*c - b - 9*c. Determine o(-6).
2
Let z(a) be the third derivative of 0*a - 1/2*a**3 - 1/12*a**4 + 0 + 2*a**2. Let j be (-8)/4 + 0 + 0. Give z(j).
1
Let s be (1 - 3)*27/18. Let b(l) = -l**3 - 4*l**2 - 4*l. What is b(s)?
3
Let n be -1*0/(-1) + -2. Let v be (-4)/((-24)/9)*n. Let t(o) = -2*o**2 + 4 - 2*o - 2*o - 3. Calculate t(v).
-5
Let i(v) = 2*v - 5*v - 7 + 10*v. Let h(f) = 10*f - 10. Let t(j) = -5*h(j) + 7*i(j). Calculate t(6).
-5
Let i(x) = x**3 - 3*x**2 - 6*x + 5. Let o be i(4). Let d(t) be the second derivative of -t**2 - 4*t - 2/3*t**3 + 0. What is d(o)?
10
Let q(l) be the third derivative of -l**4/8 + l**3/3 - l**2. Let c = 4 - 3. Let o be c - (-1)/(3/6). Calculate q(o).
-7
Let i(r) = 2*r**2 - r + 1. Let f be i(1). Suppose 5*p + z = 5*z + 17, -f*z = p + 5. Let w(c) = -4*c - p + 2*c - c**2 + 2. Calculate w(-3).
-2
Let i(b) = b**3 - b**2 + 9. Let u = -1 + 0. Le